and 204?
51
What is the greatest common divisor of 6408 and 32?
8
Calculate the highest common factor of 56 and 140.
28
Calculate the highest common divisor of 18 and 882.
18
What is the highest common factor of 943 and 1066?
41
What is the greatest common divisor of 150 and 60?
30
Calculate the greatest common divisor of 416 and 130.
26
What is the greatest common divisor of 104 and 364?
52
Calculate the highest common factor of 4 and 4604.
4
Calculate the highest common divisor of 6030 and 15.
15
Calculate the greatest common divisor of 150 and 1775.
25
Calculate the greatest common factor of 459 and 27.
27
What is the greatest common divisor of 7708 and 564?
188
What is the highest common divisor of 2090 and 19?
19
What is the highest common divisor of 875 and 1375?
125
What is the highest common factor of 103 and 2884?
103
What is the greatest common divisor of 108 and 99?
9
What is the greatest common factor of 106 and 2?
2
What is the greatest common divisor of 35 and 504?
7
What is the greatest common divisor of 2 and 243?
1
What is the highest common divisor of 1247 and 129?
43
What is the greatest common divisor of 952 and 448?
56
Calculate the greatest common divisor of 2813 and 29.
29
Calculate the greatest common factor of 5750 and 46.
46
Calculate the greatest common divisor of 288 and 24000.
96
Calculate the highest common divisor of 28 and 21.
7
What is the greatest common divisor of 144 and 168?
24
What is the highest common factor of 891 and 11?
11
Calculate the greatest common factor of 234 and 195.
39
Calculate the highest common factor of 128 and 10112.
128
What is the highest common factor of 18192 and 48?
48
Calculate the highest common divisor of 459 and 1683.
153
Calculate the highest common divisor of 348 and 12.
12
What is the greatest common divisor of 74 and 259?
37
What is the highest common factor of 465 and 2139?
93
What is the highest common factor of 55 and 473?
11
What is the highest common factor of 57 and 76?
19
What is the greatest common divisor of 144 and 117?
9
What is the greatest common divisor of 81 and 999?
27
Calculate the greatest common factor of 24 and 328.
8
Calculate the highest common divisor of 1661 and 352.
11
Calculate the highest common divisor of 70 and 1526.
14
Calculate the greatest common factor of 38 and 16.
2
What is the highest common divisor of 1120 and 112?
112
What is the highest common factor of 969 and 57?
57
What is the highest common factor of 8552 and 8?
8
Calculate the greatest common divisor of 84 and 156.
12
What is the highest common divisor of 279 and 36?
9
What is the greatest common factor of 14 and 1162?
14
What is the highest common factor of 2010 and 30?
30
What is the greatest common factor of 6928 and 16?
16
Calculate the highest common divisor of 234 and 7254.
234
Calculate the highest common factor of 407 and 37.
37
Calculate the highest common divisor of 36 and 3684.
12
Calculate the highest common divisor of 253 and 118151.
253
Calculate the greatest common factor of 940 and 752.
188
Calculate the highest common factor of 5 and 355.
5
Calculate the highest common divisor of 12 and 492.
12
Calculate the highest common divisor of 4237 and 19.
19
What is the highest common divisor of 1638 and 13377?
273
What is the highest common factor of 95 and 15?
5
Calculate the greatest common factor of 52 and 13.
13
What is the greatest common divisor of 196 and 84?
28
What is the greatest common factor of 427 and 357?
7
What is the highest common divisor of 10137 and 93?
93
Calculate the highest common factor of 76 and 247.
19
What is the greatest common factor of 1536 and 64?
64
Calculate the greatest common factor of 28 and 406.
14
What is the highest common factor of 7098 and 12?
6
Calculate the highest common factor of 58 and 319.
29
Calculate the highest common divisor of 378 and 273.
21
Calculate the greatest common divisor of 108 and 28.
4
Calculate the highest common factor of 315 and 36.
9
What is the highest common factor of 141 and 3?
3
Calculate the highest common factor of 9 and 8901.
9
What is the highest common factor of 26 and 5824?
26
Calculate the greatest common factor of 1037 and 122.
61
What is the highest common factor of 2323 and 707?
101
Calculate the highest common divisor of 38 and 950.
38
Calculate the highest common divisor of 72 and 14508.
36
What is the highest common factor of 17484 and 2604?
372
Calculate the greatest common divisor of 1775 and 100.
25
What is the greatest common divisor of 58 and 232?
58
Calculate the greatest common divisor of 100 and 20.
20
Calculate the highest common divisor of 30 and 390.
30
Calculate the greatest common divisor of 1068 and 3382.
178
Calculate the greatest common factor of 14899 and 47.
47
What is the greatest common divisor of 533 and 205?
41
Calculate the highest common factor of 183 and 854.
61
What is the highest common divisor of 802 and 32?
2
Calculate the highest common divisor of 856 and 448.
8
Calculate the greatest common factor of 273 and 231.
21
Calculate the greatest common divisor of 116 and 124.
4
What is the highest common divisor of 15 and 345?
15
What is the greatest common divisor of 40 and 960?
40
Calculate the greatest common factor of 9 and 1152.
9
What is the greatest common factor of 1680 and 30?
30
Calculate the highest common divisor of 16 and 40.
8
Calculate the greatest common factor of 636 and 9063.
159
What is the greatest common factor of 98 and 91?
7
What is the greatest common factor of 22146 and 6?
6
What is the highest common factor of 4 and 47?
1
What is the highest common factor of 11799 and 23?
23
What is the highest common factor of 1156 and 8?
4
Calculate the highest common divisor of 7049 and 133.
133
What is the greatest common divisor of 420 and 2835?
105
What is the highest common factor of 54 and 36?
18
Calculate the greatest common divisor of 144 and 648.
72
What is the highest common factor of 48 and 1296?
48
What is the greatest common divisor of 1102 and 2?
2
What is the highest common factor of 44 and 4510?
22
Calculate the highest common factor of 12280 and 10.
10
What is the greatest common divisor of 4257 and 99?
99
What is the highest common divisor of 225 and 885?
15
What is the highest common factor of 52248 and 168?
168
Calculate the highest common factor of 598 and 26.
26
Calculate the greatest common divisor of 2288 and 624.
208
What is the greatest common divisor of 22 and 1507?
11
Calculate the highest common factor of 399 and 513.
57
What is the highest common divisor of 2 and 2018?
2
Calculate the highest common divisor of 84 and 18970.
14
What is the greatest common factor of 2562 and 42?
42
What is the greatest common factor of 89 and 1?
1
What is the greatest common factor of 371 and 1431?
53
What is the greatest common divisor of 32 and 144?
16
What is the highest common divisor of 20 and 1724?
4
Calculate the highest common factor of 330 and 770.
110
What is the highest common factor of 2839 and 1503?
167
Calculate the greatest common divisor of 35022 and 39.
39
Calculate the highest common factor of 187 and 2924.
17
Calculate the greatest common factor of 722 and 8.
2
What is the greatest common divisor of 3507 and 167?
167
What is the highest common factor of 620 and 1612?
124
What is the greatest common divisor of 137 and 9179?
137
Calculate the greatest common factor of 290 and 83520.
290
What is the greatest common factor of 493 and 187?
17
What is the highest common divisor of 5677 and 56?
7
What is the highest common divisor of 70 and 266?
14
Calculate the highest common factor of 2332 and 77.
11
What is the highest common divisor of 22 and 1606?
22
What is the greatest common factor of 24 and 114?
6
What is the highest common factor of 57 and 114?
57
What is the highest common factor of 17766 and 189?
189
Calculate the highest common factor of 216 and 120.
24
What is the greatest common factor of 231 and 594?
33
What is the greatest common divisor of 7414 and 11?
11
Calculate the highest common factor of 64 and 80.
16
What is the greatest common factor of 35 and 45?
5
Calculate the highest common factor of 663 and 273.
39
What is the highest common factor of 13824 and 27?
27
Calculate the highest common factor of 116 and 